x - 3*c - 14, -5*x - w*c + 50 = 0. What is the remainder when 47 is divided by x?
11
Let z = 13 - 17. Suppose 24 = -3*q + 3*i, -5*q + 2*i = 7*i - 10. What is the remainder when q/(z - -1)*35 is divided by 12?
11
Suppose 0 = -4*r + 4 + 4. Let b(c) = 8*c - 3. Calculate the remainder when b(r) is divided by -7*(1 - (2 - 0)).
6
Let v(x) = -x**3 - 11*x**2 + x + 12. Let f be v(-11). Let w = f - -1. Calculate the remainder when 2 is divided by w.
0
Suppose w + 5*x + 11 = 0, 0 = w - 2*x - 9 - 1. Suppose -w*z = r + 2, r - 4*r + 58 = -4*z. What is the remainder when 55 is divided by r?
13
Suppose -4*t = 2*m - 76, 5*t - 8 = 7. Calculate the remainder when 118 is divided by m.
22
Let z = -9 + 6. Let k(s) = -s**3 - s**2 + 3*s - 4. Let t be k(z). What is the remainder when 18 is divided by 52/t + (-10)/25?
8
Let a = -5 + 8. Suppose a*z = -5*h + 33, -2*z + 3*z + 2*h = 12. Calculate the remainder when (-66)/(-4) + 2/(-4) is divided by z.
4
Suppose 4*n = 9*n - 300. What is the remainder when n is divided by 21?
18
Let d = 3 - -5. What is the remainder when (-2)/d - 222/(-24) is divided by 2?
1
Let b(h) = -h**2 + 9*h + 37. What is the remainder when b(7) is divided by 27?
24
Suppose -5 = 3*z - 4*z. Let v(a) = a**2 + 2*a + 2. Calculate the remainder when v(z) is divided by 20.
17
Let m = -8 + 57. What is the remainder when m is divided by (-2)/3*351/(-18)?
10
What is the remainder when (-52)/(-2) + 0/(-2) is divided by 9?
8
Let d(z) = z**2 + 4*z + 10. Let n(t) = -t**2 - 5*t - 11. Let v(i) = 4*d(i) + 3*n(i). What is the remainder when v(0) is divided by 2?
1
Let h(w) = 7*w**2 - 2*w - 1. Let b(y) = y**3 + 13*y**2 - 14*y + 16. What is the remainder when h(-2) is divided by b(-14)?
15
Let l be (-52)/(-6) + (-2)/(-6). Let q(j) = -j**3 + 9*j**2 + 7*j. What is the remainder when q(l) is divided by 16?
15
Let y be (-75)/(-6)*4/5. Suppose 3*b - 55 = -y. Calculate the remainder when 29 is divided by b.
14
Let i(x) = 2*x**2 + 4. Let d(g) = g**3 + 12*g**2 + 20*g + 2. Calculate the remainder when d(-9) is divided by i(-3).
21
Suppose -3*s + 0 + 3 = 0. Suppose -16 = 3*c - 5*c. Suppose 5*u = c - 3. What is the remainder when u is divided by s?
0
Suppose -4*f + 0*f + 12 = 0. Let o(x) = 3*x - 2. Let m be o(f). Suppose 0 = v - m - 10. Calculate the remainder when v is divided by 10.
7
Let m be -11*(-3)/9*-3. Let k = 17 + m. What is the remainder when (1 - (-15)/(-6))*-10 is divided by k?
3
Let l(x) = x. Let c be l(-4). Let n = 14 + c. Suppose 2*z - 51 = -3*m, -5*z = -0*m - 2*m - 80. What is the remainder when z is divided by n?
8
Calculate the remainder when -2*(34/(-4))/1 is divided by 5.
2
Let w(g) = 12*g**2 + 2*g + 1. Let i be w(-1). Let d = i - 0. Calculate the remainder when 32 is divided by d.
10
Suppose -4*l = -c + 4*c - 42, -4*l + c = -34. Let o(v) = 34*v**2 - v - 1. What is the remainder when o(-1) is divided by l?
7
What is the remainder when 143 is divided by (9/(-4))/(-1 + 13/16)?
11
Calculate the remainder when 1*1/(-2)*-140 is divided by 4/26 + (-696)/(-39).
16
Suppose 2*p + 0*p + 3*z - 130 = 0, -5*p = -3*z - 283. Suppose -92 = -4*s + 2*v + v, -5*s = -5*v - 120. Calculate the remainder when p is divided by s.
19
Let j(t) = t**3 - t**2 - 3*t - 2. Let f be j(3). Suppose 12 = f*h - 3*h. Suppose -17 + 47 = h*c. What is the remainder when c is divided by 4?
2
Let g be ((-94)/(-8))/(14/(-56)). Let v be (-691)/(-9) - 4/(-18). Let z = g + v. Calculate the remainder when z is divided by 16.
14
Suppose 0*y = 2*y + 10, 3*y - 19 = -p. Calculate the remainder when 101 is divided by p.
33
Let q(u) = u**2 + u + 30. Let y be q(0). Suppose 6*l = 2*l. Suppose y = -l*g + 5*g. What is the remainder when g is divided by 4?
2
Suppose -q + 54 = -4*r, -2*q - q + r + 107 = 0. Suppose 4*d - 3*i - 84 = 0, -3*d = -3*i + 5*i - 46. What is the remainder when q is divided by d?
16
Let j(w) = -42*w - 2. Let q be j(-2). Let d = q + -15. Calculate the remainder when d is divided by 17.
16
Let m(k) = 2*k**2 - 6*k. Let g be m(5). Suppose -3*u - 8 + g = 0. Suppose -5*r = -u*d - 33 + 1, -8 = -2*r + 4*d. What is the remainder when r is divided by 3?
2
Calculate the remainder when (-6)/42 - (-423)/21 is divided by 11.
9
Suppose -2*l + 4*u + 409 - 29 = 0, -5*u = -2*l + 377. Calculate the remainder when l is divided by 40.
36
Let d(h) = -10*h - 50. What is the remainder when d(-6) is divided by 4?
2
Suppose -s + 40 = 4*y, y = -3*y - 4*s + 52. What is the remainder when y is divided by 5?
4
Suppose 15*m = 473 + 172. What is the remainder when 170 is divided by m?
41
Calculate the remainder when 7 is divided by 4 + (-4 + 3)*-1.
2
Let l(y) = -19*y + 1. What is the remainder when 808/14 + (-2)/(-7) is divided by l(-1)?
18
Let z(x) = -x**3 + x**2 + 12. Let u be z(0). Suppose t = 3*r - u, -t = -5*r - 4*t + 34. What is the remainder when 13 is divided by r?
3
Let s = 63 - 56. What is the remainder when 25 is divided by s?
4
Let i = 413 - 254. What is the remainder when i is divided by 10?
9
Let b(r) = r. What is the remainder when 5 is divided by b(3)?
2
Let q(n) = -n**3 + 17*n**2 - 13*n - 30. What is the remainder when 138 is divided by q(16)?
12
Suppose 13 = x + 4. Calculate the remainder when 15 is divided by x.
6
Suppose 4*j - 4*d = 100, -3*j = 3*d - 131 + 26. Suppose 92 + j = 2*z. Calculate the remainder when z is divided by 16.
13
Let s = -4 + 5. Let d be -24 + (3 - s)*-1. Calculate the remainder when 1/((-2)/d) + -3 is divided by 6.
4
Suppose -3*m + 2*f = -407, 2*f = 2*m + 3*m - 677. Calculate the remainder when m is divided by 35.
30
Suppose 5*y - 4*y - 10 = 0. Calculate the remainder when 2/2 + 3 + y is divided by (-3)/(-1)*(-16)/(-6).
6
Let f = -9 - -9. Suppose f = 6*j - 4*j - 4*s - 24, 3*j + 3*s = 9. What is the remainder when 11 is divided by j?
5
Let u(x) = 3*x - 4 - 3*x - 2*x + 0*x. Calculate the remainder when 14 is divided by u(-6).
6
Suppose 3*h - 110 = -2*h. Let g(t) = 13*t**3 - 2*t + 1. What is the remainder when h is divided by g(1)?
10
Suppose 2*b - 52 - 98 = 0. Suppose 4*m - 95 = -m. What is the remainder when b is divided by m?
18
Let p(u) = -u - 5. Let k be p(-5). Let w be 21/6 + (-1)/(-2). Suppose t - w*h - 51 = k, 4*t = 5*h + 101 + 81. What is the remainder when t is divided by 15?
13
Let c(u) = -6*u - 13. Suppose 5*g - 4*j + 42 = 0, 0 = -0*g - g + 2*j - 12. Calculate the remainder when (-3)/(3/(-44)) + 1 is divided by c(g).
22
Suppose -4*m - 3*b - 380 = -b, -3*b + 497 = -5*m. Calculate the remainder when (-2)/5 - m/5 is divided by (2 - 9)*(3 + -4).
5
Suppose 10*m = 12*m - 62. What is the remainder when 59 is divided by m?
28
Let c = 69 + -58. What is the remainder when 21 is divided by c?
10
Suppose u = -3*u - 16. Let g = -2 - u. Let c = 14 + -9. Calculate the remainder when c is divided by g.
1
Suppose -52 = -z + 5*i + 22, 162 = 3*z - 3*i. Suppose -3*u + 13 = -38. Calculate the remainder when z is divided by u.
15
Let z(h) = -5*h**2 - 9*h + 15. Let q(x) = 2*x**2 + 4*x - 7. Let l(f) = -13*q(f) - 6*z(f). What is the remainder when l(-3) is divided by 11?
9
Let s(x) = 2*x**3 + 5*x**2 + x - 3. Let o be s(-3). Let g = 9 + o. Calculate the remainder when 16 is divided by 25/3 + g/(-9).
7
Suppose 36 = 2*f - f - 2*h, 0 = -2*f + 2*h + 66. Suppose 0 = -3*z - 0*z + f. Suppose -2*l + 12 + z = 0. Calculate the remainder when l is divided by 4.
3
Let g = -134 - -169. Suppose -4*n = -2*d + d - 72, -n - 4*d = -35. What is the remainder when g is divided by n?
16
Suppose 5*l = 2*a - 0*a + 30, -5*l - 3*a + 55 = 0. Suppose 2*t - l - 30 = 0. Calculate the remainder when t is divided by 5.
4
Let j(r) be the third derivative of -r**5/30 - r**4/24 + r**3/6 - 2*r**2. Let z be j(1). Calculate the remainder when z/6*0 + 27 is divided by 14.
13
Suppose -4*a = 7 - 71. Let g be -1 + (1 - -2)*1. Suppose 58 = 2*d - g. What is the remainder when d is divided by a?
14
Let x = 11 + -14. Let k(t) = 2*t**2 - t - 4. What is the remainder when 66 is divided by k(x)?
15
Let d(f) = f**3 + 5*f**2 - 10*f - 7. Let c(y) = -2*y**3 - 5*y**2 + 5*y + 4. What is the remainder when c(-4) is divided by d(-6)?
15
Let x be ((-60)/(-8))/(6/8). Suppose x*t = 11*t. Suppose t = c - 21 - 2. What is the remainder when c is divided by 12?
11
Let m be (4/10)/(2/30). Suppose 48 = m*y - 2*y. What is the remainder when 34 is divided by y?
10
Su